*3 - 8*b**2 + 4*b - 4. Let c(k) = 9*k**3 + 17*k**2 - 9*k + 9. Let t(l) = -3*c(l) - 7*n(l). Determine t(-5).
6
Let j(d) = 2*d - 23 + 31 - 3*d. Determine j(-6).
14
Let m be 1*(-3)/6*-14. Suppose 0 = -j - 5*q + m + 7, -4*q + 46 = -5*j. Let z = 8 + j. Let v(r) = -3*r + 3. Give v(z).
-3
Let h(o) = o + 3. Let a be h(-4). Let i = 5 - 3. Let x(y) = 5*y**3 - 3 + 2 + 2*y + i - 12*y**3. What is x(a)?
6
Suppose 6 = 3*u - 6. Let h(j) = 2*j**3 + 12*j**2 + 7*j - 4. Let m(v) = v**3 + 6*v**2 + 3*v - 2. Let f(i) = u*h(i) - 9*m(i). Give f(-6).
-4
Let y(t) = -t**2 - t + 1 - 3*t + 1 - t. Determine y(-4).
6
Let h(i) be the second derivative of -i**8/6720 + i**7/630 - i**6/180 + i**5/30 + i**4/6 - 3*i. Let f(l) be the third derivative of h(l). Calculate f(3).
1
Let q(k) = -k**3 - 5*k**2 + k + 1. Let t(i) = i**2 - 5*i + 16. Let f be t(7). Let n be f/(-4)*(-4)/(-6). Give q(n).
-4
Let l(r) = 2*r**2 + 2*r + 1. Suppose 2*x = -10, -6*x + 23 = z - 11*x. Give l(z).
5
Let g = -101 + 101. Let k(f) = 0*f - 5 + 7*f**2 + 0*f. Let i(h) = -20*h**2 + 15. Let s(b) = 6*i(b) + 17*k(b). Determine s(g).
5
Let n(h) = 2*h**2 - 18*h - 13. Let i be n(10). Let q(y) be the second derivative of -y**4/12 + 7*y**3/6 + 3*y**2/2 - y. Give q(i).
3
Let n(t) be the second derivative of t**4/12 - t**3/6 - 2*t. Determine n(3).
6
Suppose 3*i = -i. Suppose 5*n = -f - 21, i = f + 3*f - 4*n - 36. Suppose -17 = 5*d + m, f*m + 14 = -d - d. Let x(t) = -t**3 - 3*t**2 - 2*t - 2. Determine x(d).
4
Suppose -p - 9 = -3. Let u(o) = -o**3 + 325 + 5*o**2 - 8*o - 329 + 2*o**3. What is u(p)?
8
Let v(f) = f**3 - f**2 + 5. Let o(a) = -a**2 + 2*a. Let x be o(2). What is v(x)?
5
Let x(s) be the first derivative of -2*s**3/3 + 4*s**2 - 4*s - 3. Suppose -4*w = -0 - 20. What is x(w)?
-14
Let j(z) be the second derivative of -z**4/6 - z**3/3 - 42*z. What is j(-3)?
-12
Let d(v) be the second derivative of 0 - 1/2*v**3 - 1/2*v**2 + 2*v + 1/12*v**4. Calculate d(2).
-3
Suppose -2*j + 3*t = -29 + 5, 0 = -5*j + t + 34. Let p(d) = 2 + 9*d - j - 8*d. What is p(3)?
-1
Let c(z) = 8*z + 1 - 20*z + z**2 + 7*z. Give c(6).
7
Let k = -13 + 13. Let r(x) = -5 - x + x**2 + k*x + 3. What is r(2)?
0
Let k(i) = -i**3 + 4*i**2 - 3. Let r be k(3). Let p(x) = -2*x + 8. Let c be p(r). Let q(t) = t + 1. Calculate q(c).
-3
Let y(m) = m + 1. Let n(w) = -2*w**2 + w + 4. Let s be n(-2). Let i(b) = 2*b + 3. Let z(c) = s*y(c) + 2*i(c). What is z(-5)?
10
Let b(m) = -5*m + 7*m**2 + 3*m - m**3 + 8 - 4*m + 0*m. Calculate b(6).
8
Let m(h) = -2*h - 5. Let y(w) = -5*w - 14. Let b(f) = 17*m(f) - 6*y(f). Determine b(-2).
7
Suppose 2*q - 18 = 4*b, 3*b + 3 = 5*q - 7. Let y(u) = 4*u - 6*u + 0*u + 3*u. Determine y(b).
-5
Suppose -3*m + 2*p - 1 + 7 = 0, 3*m = p + 6. Let w(t) be the third derivative of -5*t**4/24 + t**3/3 + t**2. Give w(m).
-8
Let l = 48 + -50. Let p(u) = 2*u**3 - u**2 + 2*u - 1. What is p(l)?
-25
Suppose -4*p - 4*l + 16 = 0, -4 - 9 = -4*p - l. Suppose -w - 10 = -p*w. Let y(f) = f**3 - 6*f**2 + 6*f - 6. Give y(w).
-1
Let s(t) = -3*t**2 - 4*t**2 - 8*t - 2*t**2. Let c(u) = 8*u**2 + 7*u. Let r(h) = 7*c(h) + 6*s(h). What is r(1)?
3
Let q(x) = 2*x + 2. Suppose 4 = -3*u - 14. Let a(l) = 3*l + 2. Let w(c) = u*q(c) + 5*a(c). What is w(3)?
7
Let x be 78/9*(-15)/10. Let w(l) = -l + 7. Let b(q) = -2*q + 15. Let t(s) = x*w(s) + 6*b(s). What is t(-3)?
-4
Let o(j) = 2*j**2. Let n be o(1). Let i(b) = -b - n*b**2 + 0*b**2 + 4*b**2. Give i(-2).
10
Let w(i) = -i**3 - 7*i**2 - 5*i + 4. Let k be w(-7). Suppose 4*y - 2*s + k = 3*s, 3*s - 27 = 3*y. Let d = -6 - y. Let a(p) = p + 6. What is a(d)?
6
Let c(p) = -p**2 + 7*p + 10. Let r be c(8). Let n(u) = 2*u + 0*u**2 - 4*u - u**r. Determine n(-1).
1
Let p(f) = -6*f + 4. Let i(o) = -3*o + 2. Let v(a) = 5*i(a) - 3*p(a). Suppose 4*k + 0*l = -4*l, 4*k + 2*l + 10 = 0. Let n = -2 - k. Calculate v(n).
7
Let s(g) = 4*g - 5. Let a(d) = d**2 - d + 1. Let n(h) = -5*a(h) - s(h). Give n(1).
-4
Let g be ((-15)/20)/((-1)/12). Suppose -5*j + 21 + g = 0. Let l(q) = -q**2 + 9*q - 5. Calculate l(j).
13
Suppose -2*d - d + 9 = 0. Suppose 0*r = d*r + 12. Let h(f) = -f**2 - 4*f - 1. Calculate h(r).
-1
Let o = -31 - -35. Let k(m) = m - 2. What is k(o)?
2
Let c(t) = t**2 - 5*t - 1. Let s(a) = a**2 + 10*a + 6. Suppose 38 = -3*z + 2*u, 2*z - 3*u + 29 + 3 = 0. Let b be s(z). What is c(b)?
5
Let y(t) = 0 - 3 + 4*t + 0 - 6*t. Calculate y(-2).
1
Let l(j) = 13*j - 5. Let x(r) = 3*r - 1. Let u(s) = 2*l(s) - 9*x(s). Let g(w) = -5*w. Suppose 0 = -2*a, n + 3 = 4*n - a. Let f be g(n). What is u(f)?
4
Let m(y) = -y. Let l(q) = -4*q + 5. Let n(t) = -l(t) + 3*m(t). Suppose 10 = -3*x + 4*x. Suppose -2*b - 9 = 3*f - 3, -5*f - x = -2*b. Give n(b).
-5
Let c(g) = -g**3 - 3*g**2 - 3. Let v(a) = a**3 - a + 9. Suppose -4*n + 3*n = -5*o, 4*n = 0. Let m be v(o). Suppose i + m = -2*i. Give c(i).
-3
Let w(g) = -11*g**2 + 27*g + 29. Let d(y) = -5*y**2 + 13*y + 14. Let s(c) = 13*d(c) - 6*w(c). Give s(-7).
8
Let n(f) = 5*f + 2. Let c(w) = 11*w + 5. Let p(l) = 3*c(l) - 7*n(l). Let u(g) = 2*g - 2. Let r(d) = -5*p(d) - 4*u(d). Determine r(-2).
-1
Let a(b) = b**3 - 9*b**2 + b - 13. Let p be -2*9/(-3 + (-3 - -4)). Calculate a(p).
-4
Let g(i) = -7*i**2 + 1. Suppose 0 = -4*c + 2*c + 2. Calculate g(c).
-6
Let g(d) be the second derivative of -d**3/6 - 4*d**2 + 7*d. What is g(-5)?
-3
Suppose -2 = c + 2. Let w(u) = -u - 4. Calculate w(c).
0
Let w(k) be the second derivative of k**4/12 - k**3/6 - k**2/2 - 13*k. Suppose -t - 3*t - 8 = 0. What is w(t)?
5
Let f(l) = l**2 - 3*l + 1. Let r(i) = -7 + 3 - 5*i + 4*i. Let w be r(-8). Calculate f(w).
5
Suppose -4 + 28 = -3*v. Let r(i) = -i**2 - 7*i + 9. Determine r(v).
1
Let q(a) = a**3 + 5*a**2 - a. Let w(o) = 1. Let p(k) = -q(k) - 6*w(k). Give p(-5).
-11
Let j(y) be the second derivative of y**4/12 - y. Let s be (-1 - (-2)/2)/(-1). Let t be j(s). Let g(b) = b**2 + 6. What is g(t)?
6
Let r(v) = -v + 3. Let u = 107 - 101. Calculate r(u).
-3
Let y(f) be the second derivative of -6*f + 5/6*f**3 - f**2 + 0 + 1/12*f**4. Determine y(-5).
-2
Let d(h) = -4*h**3 - 6*h**2 + 6*h - 2. Let y(f) = 5*f**3 + 6*f**2 - 7*f + 1. Let z(b) = -6*d(b) - 5*y(b). Give z(6).
1
Let n = 3 + -4. Let p = 1 + n. Let r(d) be the first derivative of d**2/2 + 2*d - 1. Calculate r(p).
2
Let w(g) = g + 6. Let m = 15 + -3. Suppose u - 4*u = m. Give w(u).
2
Suppose 0 = -2*u - 2*y + 10, -3*y = 4*u - 0*y - 18. Let m(p) = -p + 4*p - u - 7*p - 2*p**3 - 3*p**2 - p**2. Let b = -2 - 0. What is m(b)?
5
Let o(a) = -a**2 + 5*a - 7. Let t = 4 + -2. Let l be 171/33 + t/(-11). Calculate o(l).
-7
Let l(p) = -p. Suppose -1 = -z - 0*z. Let m be (-3 - -1) + 7/1. Let t = z + m. What is l(t)?
-6
Let b = 23 - 20. Let f(h) = 2*h**2 - 4*h + 1. Determine f(b).
7
Let s(g) = -g**2 + g + 1. Let d(o) = -2*o**3 + o**2 - 5*o - 3. Let v(a) = -d(a) - 3*s(a). Suppose 0 = r + 2*r - 3*q + 12, -3*q + 6 = 0. Calculate v(r).
-12
Let c(k) = -3*k + 7. Let x(h) = 2*h - 6. Let o(u) = -4*c(u) - 5*x(u). Suppose -3*l = 1 + 23. Let m = 11 + l. Calculate o(m).
8
Let y(z) be the second derivative of 0 + 1/6*z**3 - 2*z + 3*z**2. Calculate y(-4).
2
Let r(g) be the first derivative of -g - 1 + 1/2*g**2. Suppose 0 = 6*l + 96 - 66. Determine r(l).
-6
Let v(s) = -7*s**3 + s**2 + s. Let m(k) = k**2 + 2*k - 2. Let u be m(4). Let z be (-9)/11 + (-4)/u. Determine v(z).
7
Let d be 88/10 - (-5)/25. Suppose 3*n = -0*n + d. Let x(g) = -g**3 + g**2 + 3*g - 1. What is x(n)?
-10
Let j(s) = 5*s**2 + 7*s - 8. Let q(m) = m**2 + m - 1. Let v be (-1)/((6/(-9))/((-2)/3)). Suppose -22 = -5*t - 2. Let k(i) = t*q(i) + v*j(i). What is k(-3)?
4
Let q(c) be the second derivative of -3*c + 1/2*c**2 + 0 + 1/3*c**3. Determine q(-5).
-9
Let y(a) = 0*a - 3*a + 1 - 7*a**2 + 6*a**2 + 2*a**2. Give y(4).
5
Suppose -3*v + 38 = 5*b, 0 = -4*b + 1 + 3. Let m(g) = 11 - g - 4*g - v. Give m(-1).
5
Suppose 2*s + 3*s = -65. Let x(j) = j + 12. Let i be x(s). Let y(m) be the second derivative of -m**4/12 + m. What is y(i)?
-1
Let d(q) be the first derivative of q**3/3 - 2*q**2 + 3*q - 1. Let j(i) = 3*i - 1. Let m be j(1). Suppose m*y + 0 = 4. Determine d(y).
-1
Let l = -24 + 20. Let h(y) = -y**3 - 4*y**2. Give h(l).
0
Let o(k) = -k**2 - 6*k - 6. Let f be o(-5). Let y = -7 - f. Let j be (-8)/y*6/4. Let l(b) = -5*b + 3. Determine l(j).
-7
Suppose 5*u - 3*t = 2, -3*u - 2*t + 2 = -3. 